*3 + 6*l**2 - 9. Let q(x) = -f(x) + 2*s(x). Give q(8).
-5
Let a(d) = -d**2 + 3*d + 4. Let f be a(5). Let q(j) = j**3 - 6*j**2 + 0 + 13*j**2 - 5 + 4*j. Calculate q(f).
7
Let v(y) = -4*y**2 + 24*y + 21. Let o(l) = -l**2 + 8*l + 7. Let n(x) = -7*o(x) + 2*v(x). Calculate n(-5).
8
Let n(l) = -2*l + l + 3 + 2*l. Calculate n(7).
10
Let c = 2 - 3. Let r(m) = m**2 + 0*m**3 + 18 - 19 - 5*m**3. Calculate r(c).
5
Let v(y) = -y**2 - 11*y. Let x be (-108)/(-594) + (-268)/22 + 1. Determine v(x).
0
Let o = -23 - -25. Let g(r) = r - o - 9*r**2 - 3*r**2 + 14*r**2. Determine g(2).
8
Let s = 3 + -1. Suppose 2 = b - s. Let o(z) be the second derivative of z**5/20 - z**4/4 - z**3/2 - z**2/2 - z. Calculate o(b).
3
Let o(u) be the third derivative of 1/360*u**6 + 0 - u**2 + 1/8*u**4 - 1/20*u**5 + 0*u + 1/3*u**3. Let h(j) be the first derivative of o(j). Give h(5).
-2
Let n = 8 + -4. Suppose 0 = 2*s - s - 2*q + n, 4*q = s + 10. Let z(g) = 2*g**2 - 2*g + 1. Determine z(s).
5
Suppose 0*l - 2 = -d + 3*l, -3*d - 8 = -2*l. Let w = d - -5. Let b(q) = -2*q**2 + 2*q - 1. Give b(w).
-1
Let v(p) = 14*p - 12*p + 0 - 3. Let b = -8 - -14. Determine v(b).
9
Let c(s) = s**3 + 7*s**2 + 6*s + 6. Let p be c(-6). Suppose -5*x + p = 26. Let f(k) = -2*k + 4. Determine f(x).
12
Let s(a) = a - 4. Let p be s(3). Let r be p/5 + 6/5. Let b(f) be the second derivative of -7*f**3/6 - f. What is b(r)?
-7
Let k(h) = -h**3 - 5*h**2 - 5*h + 4. Let c = 1 - 6. Let l = -2 - c. Let z = l - 7. Give k(z).
8
Let d(b) = 0*b - 4 + 6 + b. Let s = 2 - 6. Let w be (-2)/s*(6 + -2). Calculate d(w).
4
Let t(p) be the third derivative of -p**6/120 + p**5/15 + p**4/24 + 19*p**2. Let c = 8 - 4. What is t(c)?
4
Suppose -3*b - 35 = 2*b. Let r = b + 13. Let j(u) = -u**3 + 5*u**2 + 5*u + 3. Calculate j(r).
-3
Let w(b) = -b**2 - b - 6. Let d be -1 + (2/(-1) - -3). Let g be w(d). Let s(t) = 2*t + 7. What is s(g)?
-5
Suppose 4*b = b - 12. Suppose -c - 2*c = 0. Let d(g) = -5 + c + 0*g + 3*g - 2*g. Give d(b).
-9
Let r(n) = 3*n**2 - 2*n - 1. Let f(g) = g**2 - 5*g + 6. Let m be (1 + -2)/(2/(-8)). Let y be f(m). Give r(y).
7
Let u be 1/1*(2 - 2). Let z = 5 + -2. Let n(b) = -6 + b**z + 0*b**3 + 1 - 2*b - b**2 + 3*b. Calculate n(u).
-5
Let t(y) = y**3 + 3*y**2 + 4*y + 4. Let o = 1 + -1. Let l be 1 + -2 + (-2 - o). Calculate t(l).
-8
Let v(n) = 21*n**2 - 14*n - 11. Let q(r) = -7*r**2 + 2 - 2 + 4 + 5*r. Let z(b) = -11*q(b) - 4*v(b). Let u be (9/(-3))/(-8 - (1 + -6)). Give z(u).
-6
Let u(p) = 3*p - 1. Suppose 10*t - 8*t = -10. Calculate u(t).
-16
Let q(l) = -l**2 - l + 3. Let b = 8 + -5. Determine q(b).
-9
Let u = 463 + -458. Let g(v) = -4*v**3 + 4*v**2 + 3*v**3 + 5*v - 5 + 0. What is g(u)?
-5
Let o = -8 + 4. Let c(z) = -14 - 5*z**2 - 16 - 5*z - z**3 + 26. What is c(o)?
0
Let x be -1*4/(-10) + 3/5. Let r(k) = -k**2 + k - 1. Calculate r(x).
-1
Let g(x) = -2*x**2 - 6*x**2 + x**2 - 3*x**2. Let d be (7/((-21)/6))/2. Give g(d).
-10
Let c(t) = t - 6. Let o(y) = 3*y - 17. Let i(d) = 17*c(d) - 6*o(d). Determine i(-5).
5
Let w(h) = 3*h - 11. Let n(l) = -3*l + 9. Let q(t) = 3*n(t) + 2*w(t). Suppose -5 = 3*v - 23. What is q(v)?
-13
Let o(x) = -6*x**3 + 1. Suppose -6*z = 2*f - 2*z - 14, 4*f = -z. Give o(f).
7
Let w be (10/8)/(2/8). Suppose 8*a - 4*a - 2*l + 16 = 0, w*l - 10 = 4*a. Let v(i) = 86*i - 3 - 2 - 88*i. Calculate v(a).
5
Let v(t) = t**3 + 4*t**2 + t + 2. Suppose 5*n - 12 = -2*d, 0 = -3*d - 0*d - 5*n + 18. Let i = 9 + d. Let a be i/(-3) - (1 + -2). Give v(a).
-2
Let w = 3 - -3. Let y = 10 - w. Let q(v) = -2 - 3 + 0 + 3*v. Give q(y).
7
Let m(f) = f**2 + 4*f + 3. Suppose i + 1 = -0*i. Let c be i/(((-3)/(-12))/1). Calculate m(c).
3
Let d(f) = -2*f**2 + 2*f - 1. Let v be d(2). Let t(r) = -r - 7. Determine t(v).
-2
Let v(g) be the second derivative of 0*g**2 + 1/12*g**4 + 6*g - g**3 + 0. Suppose -7*z + 3*z = -16. Give v(z).
-8
Let m(o) = 2*o - 1. Let r be (-36)/8 - 7/14. Give m(r).
-11
Let y(j) be the first derivative of -4*j**3/3 + j**2/2 - 2*j - 2. Determine y(-2).
-20
Let c = 20 - 20. Let r(k) = -k + 9. Calculate r(c).
9
Suppose -3 = -3*u - 6. Let y be u/(2 + (-21)/9). Let i(d) = d + 3. Calculate i(y).
6
Let w(p) = p**2 - 2*p - 3. Suppose 3*f + 3*z + 8 = 53, -2*f = -3*z - 30. Let t = f + -12. Determine w(t).
0
Let d = -16 + 19. Suppose -2 + 6 = 2*z. Let f(r) = z + 2*r + 0*r - r. Give f(d).
5
Suppose 0 = -4*f + 10 - 38. Let o(h) = -2*h - 9. Determine o(f).
5
Let x(q) = -q**3 + 5*q**2 + 8*q - 4. Let p be x(6). Suppose -2*y + 8 = -2*s, -p*s + 14 = 2*y - 4*s. Let f(h) = h**2 - 2*h - 7. Determine f(y).
8
Let i(c) = -c**3 + c**2 - c - 1. Let h(g) = 7*g**3 + 10*g + 7. Let q(l) = h(l) + 6*i(l). Give q(-5).
6
Suppose -4*i = -2*i. Suppose i = r + 3 + 1. Let g(f) = f**3 + 4*f**2 - 2*f - 4. Calculate g(r).
4
Let d(a) = 2*a - 3. Suppose 0 = -i + 4*i. Suppose -2*q = -i*q. Suppose q*l = -2*l - 2*b, 0 = -l - 2*b - 5. Calculate d(l).
7
Let y(l) = l**3 - l**2 + 2*l. Let m = 1 - -1. Let h be y(m). Suppose 3*i + 2*q - h = 0, 2*i + 10 = 7*i + 5*q. Let f(p) = p**2 - 5*p + 3. Determine f(i).
-1
Suppose -14 = -2*s + 4. Let x(a) = -a**2 + 7*a + 11. What is x(s)?
-7
Let d be ((-31)/62)/(-1 + (-11)/(-12)). Let y(x) = x**3 - 5*x**2 - 6*x + 6. Calculate y(d).
6
Let g be 0 - 1/((-3)/45). Suppose 5*q - g = 35. Let o = 6 - q. Let b(y) = y**3 + 3*y**2 - 3*y + 1. What is b(o)?
-3
Let f(r) = r + 2. Let z = 74 + -77. Calculate f(z).
-1
Let y(x) be the second derivative of x - x**2 + 1/3*x**3 + 1/12*x**4 + 0. Let d be 8/6*36/(-24). What is y(d)?
-2
Let k(r) = 2*r**2 - 2*r - 1. Let u(q) = -5*q**2 + 5*q + 2. Let a(w) = -7*k(w) - 3*u(w). Determine a(2).
3
Let k(d) = -d + 9. Let v be k(4). Let l(r) = -2*r**2 + 0*r**2 + 1 + 5 + 6*r. What is l(v)?
-14
Suppose 0 = -6*w + w + 15. Let g(f) = f**2. Determine g(w).
9
Let a = -8 + 12. Let f = -10 - -14. Let u(n) = -4 + 9 - 2*n - f. What is u(a)?
-7
Let j(p) be the third derivative of p**7/840 - p**6/72 + p**5/120 + p**3 + p**2. Let t(s) be the first derivative of j(s). What is t(5)?
5
Let b(l) = -3*l**2 - 2*l + 1. Let f be (1/2)/((-2)/24). Let j be ((-25)/3)/(2/f). Let w be 7/5 - 10/j. What is b(w)?
-4
Suppose 20 = 2*u + 10. Let q(p) = p**3 - 4*p**2 - 6*p + 7. Give q(u).
2
Suppose s + 5 = -4. Let c(t) = -3*t + 8. Let m(g) = 7*g - 17. Let r(n) = s*c(n) - 4*m(n). Calculate r(-5).
1
Suppose 9 = 5*a - 21. Let x(c) be the third derivative of c**6/120 - c**5/12 - c**4/4 - 4*c**3/3 - c**2. Calculate x(a).
-8
Let p(a) = 2*a**2 - 1 - 5*a**2 + 2*a**2 - 4*a. Suppose c - 3*w - 12 = -2, -12 = 3*w. Let l be -4 + c + (-4)/(-1). Calculate p(l).
3
Let v(k) = k - 2. Let j(p) = -p + 5. Let i be (3/4)/(4/16). Let x(l) = i*j(l) + 7*v(l). Calculate x(-1).
-3
Let t(i) = 3*i**3 + 4*i**2 - 3*i + 2. Let l(b) = -7*b**3 - 9*b**2 + 7*b - 4. Let x(y) = -2*l(y) - 5*t(y). Calculate x(-2).
-4
Let a(o) be the first derivative of 1/2*o**2 + 5/3*o**3 + 1 + 0*o. What is a(1)?
6
Let m be 32/(-6)*6/(-4). Let h = 13 - m. Let a(c) = -c - 5. Calculate a(h).
-10
Let z(y) = 0 + y**2 - 1 + y**3 - 6. Suppose 0 = -85*u + 91*u. What is z(u)?
-7
Let d(f) = 2*f**3 + 3*f**2 + f + 1. Let r(c) = -4*c - 2. Let z be r(0). Determine d(z).
-5
Let l = 14 - 17. Let y(q) = q**2 - 2. Let f be y(2). Let i(s) = -2 + 3*s + 4*s**2 + 0*s**3 - f*s + s**3. Calculate i(l).
4
Let l = -7 + 9. Let v(u) be the first derivative of 2*u**3/3 - u**2/2 - 2*u - 1. Determine v(l).
4
Let d(k) = -k + 8. Let v be d(9). Let q(w) = -1 - w + w**2 - 4*w**2 + w**2. Determine q(v).
-2
Let w(z) be the third derivative of -z**5/60 - z**4/24 - 2*z**2. Determine w(-3).
-6
Let m(o) = -3*o + 10. Let s(j) = -j + 5. Let g(f) = 2*m(f) - 5*s(f). Give g(-4).
-1
Let o(p) = -p**2 - 4*p + 2. Let r be o(-4). Let x = 0 + r. Let w(h) = 0*h**2 + 3*h**x - 2*h**2. What is w(0)?
0
Let j(d) be the second derivative of d - 1/6*d**3 + 1/12*d**4 - 1/20*d**5 + d**2 + 0. Give j(2).
-4
Let x(k) = k + 10. Suppose -2*c = -7*c. What is x(c)?
10
Suppose -20 = -6*b + 4. Let o(g) = -g**3 + 5*g**2 - 5*g + 6. Calculate o(b).
2
Suppose -8 = 3*w - 17. Let o(p) = -3*p + 4 - 2 + 0. What is o(w)?
-7
Let u(o) = o**3 - 5*o**2 - 6*o. Let l be u(6). Let x(d) = -d**3 - d**2 + 5. Determine x(l).
5
Let h(i) be the second derivative of -2*i**2 + 7/6*i**3 - 6*i - 1/12*i**4 + 0. What is h(6)?
2
Let r(c) be the third derivative of 2*c**5/15 - c**4/24 + c**3/6 + 10*c**2. 